e greatest common factor of 4 and 78.
2
What is the greatest common divisor of 20 and 6090?
10
What is the greatest common factor of 5 and 7?
1
Calculate the highest common factor of 35 and 1205.
5
What is the greatest common factor of 1232 and 352?
176
What is the highest common divisor of 8 and 2536?
8
What is the highest common factor of 392 and 24?
8
What is the greatest common factor of 10287 and 108?
27
Calculate the highest common factor of 105 and 2010.
15
Calculate the highest common factor of 84 and 66.
6
What is the highest common factor of 161 and 14?
7
Calculate the greatest common factor of 53 and 53.
53
Calculate the highest common divisor of 210 and 60.
30
What is the greatest common divisor of 16 and 51328?
16
What is the highest common divisor of 9 and 34407?
9
Calculate the highest common divisor of 155 and 713.
31
Calculate the greatest common factor of 333 and 37.
37
Calculate the greatest common factor of 1 and 4.
1
Calculate the highest common factor of 190 and 20.
10
What is the highest common divisor of 9 and 276?
3
Calculate the greatest common factor of 4380 and 120.
60
What is the greatest common divisor of 14000 and 56?
56
What is the greatest common divisor of 899 and 377?
29
What is the highest common factor of 23 and 437?
23
Calculate the greatest common divisor of 256 and 16.
16
Calculate the greatest common divisor of 7065 and 45.
45
Calculate the highest common divisor of 2796 and 36.
12
Calculate the greatest common factor of 10 and 122.
2
Calculate the highest common factor of 27 and 432.
27
What is the greatest common factor of 1020 and 24?
12
Calculate the greatest common divisor of 1406 and 38.
38
Calculate the greatest common factor of 98 and 1813.
49
Calculate the highest common divisor of 250 and 2.
2
Calculate the highest common factor of 46 and 69.
23
Calculate the highest common factor of 849 and 6.
3
Calculate the highest common factor of 536 and 67.
67
Calculate the highest common divisor of 117 and 3900.
39
What is the greatest common divisor of 12 and 5262?
6
Calculate the greatest common divisor of 801 and 9.
9
What is the highest common factor of 204 and 12444?
204
Calculate the highest common divisor of 1406 and 74.
74
Calculate the highest common factor of 9299 and 34.
17
What is the greatest common divisor of 7865 and 26?
13
Calculate the greatest common divisor of 236 and 177.
59
Calculate the highest common factor of 36 and 48.
12
Calculate the highest common factor of 2 and 278.
2
What is the highest common factor of 648 and 1026?
54
Calculate the greatest common factor of 282 and 1551.
141
What is the greatest common divisor of 90 and 558?
18
What is the greatest common divisor of 39 and 104?
13
Calculate the greatest common factor of 46 and 91034.
46
Calculate the highest common factor of 1003 and 59.
59
What is the highest common divisor of 19302 and 6?
6
Calculate the highest common divisor of 1015 and 377.
29
What is the highest common divisor of 2205 and 9?
9
What is the highest common divisor of 14 and 616?
14
What is the greatest common divisor of 665 and 798?
133
What is the highest common factor of 308 and 84?
28
Calculate the highest common divisor of 196 and 364.
28
What is the highest common divisor of 14 and 189?
7
What is the highest common divisor of 16032 and 96?
96
Calculate the highest common factor of 36 and 27.
9
What is the greatest common factor of 420 and 2760?
60
Calculate the highest common factor of 78330 and 210.
210
What is the greatest common factor of 65 and 51155?
65
What is the greatest common divisor of 240 and 280?
40
What is the greatest common divisor of 364 and 39?
13
What is the greatest common divisor of 182 and 70?
14
What is the greatest common factor of 66 and 11418?
66
What is the greatest common divisor of 6790 and 10?
10
Calculate the greatest common divisor of 55 and 792.
11
Calculate the greatest common factor of 828 and 36.
36
Calculate the greatest common factor of 315 and 25515.
315
What is the greatest common divisor of 155 and 15500?
155
Calculate the greatest common factor of 8484 and 84.
84
Calculate the highest common divisor of 286 and 26.
26
Calculate the greatest common divisor of 81 and 324.
81
What is the greatest common factor of 865 and 5?
5
What is the greatest common divisor of 171 and 423?
9
Calculate the greatest common divisor of 846 and 6486.
282
Calculate the highest common factor of 105 and 120.
15
What is the highest common factor of 10 and 162?
2
What is the greatest common divisor of 165 and 33?
33
What is the greatest common factor of 517 and 11?
11
Calculate the greatest common divisor of 14 and 7168.
14
What is the highest common divisor of 351 and 611?
13
What is the greatest common divisor of 68 and 136?
68
What is the highest common factor of 236 and 177?
59
Calculate the greatest common factor of 24 and 172.
4
Calculate the greatest common divisor of 3038 and 98.
98
What is the highest common factor of 770 and 165?
55
What is the highest common divisor of 2563 and 143?
11
Calculate the highest common divisor of 672 and 126.
42
Calculate the highest common divisor of 203 and 116.
29
What is the highest common divisor of 105 and 14?
7
Calculate the greatest common divisor of 1121 and 944.
59
Calculate the greatest common divisor of 648 and 1448.
8
Calculate the greatest common divisor of 230 and 10.
10
What is the highest common divisor of 16 and 3?
1
What is the highest common factor of 154 and 182?
14
What is the greatest common factor of 37153 and 159?
53
What is the greatest common divisor of 9 and 117?
9
What is the greatest common factor of 18 and 40248?
18
What is the greatest common factor of 9 and 99?
9
What is the highest common factor of 442 and 9061?
221
Calculate the greatest common factor of 957 and 759.
33
Calculate the highest common divisor of 585 and 195.
195
What is the highest common divisor of 10 and 135?
5
What is the highest common divisor of 445 and 356?
89
What is the highest common divisor of 1617 and 2646?
147
What is the highest common factor of 1203 and 3?
3
Calculate the highest common divisor of 5494 and 268.
134
What is the highest common divisor of 161 and 414?
23
What is the highest common divisor of 4 and 76?
4
Calculate the highest common factor of 1914 and 42.
6
What is the highest common factor of 72 and 1424?
8
Calculate the greatest common factor of 621 and 276.
69
What is the highest common factor of 2352 and 147?
147
What is the highest common factor of 1920 and 6480?
240
What is the greatest common factor of 424 and 16?
8
What is the highest common divisor of 2065 and 105?
35
What is the highest common divisor of 6 and 13458?
6
Calculate the highest common factor of 22 and 2662.
22
Calculate the highest common divisor of 416 and 2128.
16
Calculate the highest common factor of 2805 and 3135.
165
Calculate the greatest common divisor of 225 and 1170.
45
Calculate the highest common factor of 37120 and 4.
4
What is the highest common divisor of 10 and 13810?
10
Calculate the highest common factor of 32 and 6928.
16
Calculate the highest common factor of 10 and 25.
5
What is the greatest common factor of 67 and 871?
67
What is the greatest common divisor of 328 and 4100?
164
Calculate the greatest common divisor of 40 and 5420.
20
What is the highest common divisor of 2652 and 156?
156
What is the highest common factor of 713 and 31?
31
What is the greatest common factor of 308 and 1288?
28
Calculate the greatest common divisor of 16 and 22.
2
Calculate the greatest common factor of 712 and 4.
4
What is the highest common factor of 26 and 182?
26
What is the greatest common divisor of 70 and 238?
14
What is the highest common divisor of 72 and 9?
9
What is the greatest common divisor of 3537 and 54?
27
What is the greatest common divisor of 1334 and 92?
46
Calculate the highest common divisor of 340 and 6970.
170
Calculate the highest common factor of 42 and 91.
7
What is the greatest common factor of 258 and 11223?
129
What is the greatest common divisor of 25 and 3125?
25
What is the highest common factor of 80 and 5?
5
Calculate the greatest common factor of 12 and 5.
1
Calculate the highest common divisor of 42 and 42.
42
What is the greatest common factor of 21